21?
-7714
In base 4, what is 0 + 2122200?
2122200
In base 16, what is -289 - -60?
-229
In base 12, what is -105 + 399?
294
In base 7, what is -6130 + 34?
-6063
In base 3, what is 2210120 - -12112?
10000002
In base 12, what is 9 - 3b852?
-3b845
In base 5, what is 1243 + -10023?
-3230
In base 10, what is -5 - 798?
-803
In base 13, what is -c70a + 0?
-c70a
In base 13, what is 8 - -2a0?
2a8
In base 11, what is 4 + -14a5?
-14a1
In base 12, what is -21 + -3012?
-3033
In base 12, what is -23022 - 3?
-23025
In base 12, what is 39b3 - 4?
39ab
In base 15, what is 3bb - -61?
42c
In base 10, what is 188 + 2254?
2442
In base 11, what is 9 - -201764?
201772
In base 15, what is 4 + -ab288?
-ab284
In base 6, what is -1254501 + -30?
-1254531
In base 2, what is 1 - -101000100111100011?
101000100111100100
In base 6, what is -42 + 20125?
20043
In base 2, what is 100 + 10001011001100001?
10001011001100101
In base 15, what is 33db + -c9?
3312
In base 5, what is -10000 + -102?
-10102
In base 7, what is 1300 + -44?
1223
In base 12, what is -904 - -243?
-681
In base 15, what is -6221 + b0?
-6161
In base 4, what is 132 - -201001?
201133
In base 9, what is -21 + 5028?
5007
In base 10, what is 2 - -9718?
9720
In base 7, what is -11146 - -1?
-11145
In base 2, what is 111110110 + -1000001000?
-10010
In base 3, what is -100222222 + 10?
-100222212
In base 5, what is -4002 - 1004?
-10011
In base 16, what is -1a3 - 392?
-535
In base 9, what is 5635 - -424?
6160
In base 7, what is 12 - -136412?
136424
In base 9, what is 30 - 4444?
-4414
In base 11, what is -290059 - 1?
-29005a
In base 7, what is 3452 - 140?
3312
In base 16, what is -c662 - -4?
-c65e
In base 13, what is 12bc3 + -6?
12bba
In base 15, what is -1b + 8a30?
8a14
In base 7, what is 6 + -1026050?
-1026041
In base 5, what is 230001 + -14?
224432
In base 7, what is -1001254 + 0?
-1001254
In base 9, what is 4304 - 7?
4286
In base 4, what is 123002 + -111?
122231
In base 11, what is 881 - 149?
733
In base 12, what is 4 - 449b7?
-449b3
In base 5, what is 301 + -4434?
-4133
In base 13, what is 4bc1 - 2?
4bbc
In base 9, what is 105583 - -3?
105586
In base 15, what is 48e99 + -3?
48e96
In base 3, what is -20221202100 + -11?
-20221202111
In base 6, what is -12201 - 3?
-12204
In base 5, what is 3013143 - -10?
3013203
In base 2, what is 1001000 + -110011?
10101
In base 8, what is 1 - 13252?
-13251
In base 5, what is -4033404 + 4?
-4033400
In base 15, what is -bd - -55?
-68
In base 11, what is -27 + -21864?
-21890
In base 14, what is -5 - 125c1?
-125c6
In base 11, what is 4 - -13a98?
13aa1
In base 6, what is -4 + -2052143?
-2052151
In base 16, what is -540 - -6?
-53a
In base 11, what is -3 + 64687?
64684
In base 6, what is 5 - 4134143?
-4134134
In base 3, what is -12201022 + 11200?
-12112122
In base 10, what is -1487 + 74?
-1413
In base 7, what is -4534031 - 3?
-4534034
In base 11, what is 14 + a76a3?
a7707
In base 7, what is 2 + 35124?
35126
In base 8, what is -137 - -22237?
22100
In base 15, what is 7e - -8?
87
In base 7, what is -10524365 + -5?
-10524403
In base 10, what is -131187 + 0?
-131187
In base 13, what is -5 + 549a?
5495
In base 14, what is 6 + -4716?
-4710
In base 12, what is -32 + -43885?
-438b7
In base 12, what is -7 - -14a59?
14a52
In base 6, what is 5553 + 2410?
12403
In base 6, what is 34554 - 31?
34523
In base 8, what is -575033 + 3?
-575030
In base 4, what is -12 + 102111102?
102111030
In base 16, what is -e + -3ad0?
-3ade
In base 5, what is -12 + 1222042?
1222030
In base 8, what is 15 + 1154206?
1154223
In base 8, what is 2755 - 1362?
1373
In base 3, what is 202120 - -102?
202222
In base 11, what is -214 + -19?
-232
In base 13, what is -4b47 - 56?
-4ba0
In base 12, what is -140651 + 0?
-140651
In base 8, what is 651221 + 3?
651224
In base 5, what is 4 - -1022432?
1022441
In base 7, what is -512410 - 10?
-512420
In base 14, what is 1 + -1ad6?
-1ad5
In base 8, what is -344131 - 2?
-344133
In base 4, what is -3 + -2212303?
-2212312
In base 10, what is 2626 - 71?
2555
In base 3, what is -211201101011112 - 11?
-211201101011200
In base 15, what is 179 + 40?
1b9
In base 8, what is 11 - 167003?
-166772
In base 5, what is -234 - -432?
143
In base 2, what is -10000001101 + 10?
-10000001011
In base 14, what is -60d + -419?
-a28
In base 3, what is -2220201101 + 12?
-2220201012
In base 5, what is 10021102 - -10?
10021112
In base 6, what is -5 + 2330552?
2330543
In base 4, what is 3 + 13200301?
13200310
In base 2, what is 10 + -1101110011100111101?
-1101110011100111011
In base 12, what is -37b - -13a?
-241
In base 14, what is 3293d - -3?
32942
In base 6, what is 244243 + -1133?
243110
In base 11, what is -14 - 56105?
-56119
In base 10, what is 30292 - -7?
30299
In base 16, what is -4 - -e13?
e0f
In base 15, what is 11 + -44d69?
-44d58
In base 5, what is -12 - 23013?
-23030
In base 15, what is -90 + -353?
-3e3
In base 5, what is -213312 - -20?
-213242
In base 9, what is 37 - -6835?
6873
In base 4, what is 21122233 + -3?
21122230
In base 10, what is -3 + 694557?
694554
In base 6, what is 123 - 412?
-245
In base 10, what is -5041 - 40?
-5081
In base 6, what is 10 - 4234354?
-4234344
In base 6, what is -210 + 101420?
101210
In base 13, what is -3 - -bac47?
bac44
In base 16, what is -1 + -ad03?
-ad04
In base 10, what is 45 + -4382?
-4337
In base 4, what is 1213313 - 101?
1213212
In base 14, what is -4 - 90ad?
-90b3
In base 3, what is -102221 - -2020101?
1210110
In base 2, what is 11111 + -11010000?
-10110001
In base 9, what is 2844 + 62?
3016
In base 11, what is 1115 + -9?
1107
In base 16, what is -1ee2 - 5?
-1ee7
In base 7, what is 6152 - 10?
6142
In base 3, what is 111101200 + 11?
111101211
In base 2, what is -11010011 + 1101111011?
1010101000
In base 15, what is -6 + 573?
56c
In base 6, what is 15 + -2501544?
-2501525
In base 4, what is 13132 - 303020?
-223222
In base 11, what is 33a8 - -4?
3401
In base 10, what is -1061 - 86?
-1147
In base 4, what is 3013123 + 1?
3013130
In base 4, what is -2011 + 13332?
11321
In base 9, what is -3808 - -3?
-3805
In base 2, what is 101111100011 - 111010101?
101000001110
In base 3, what is -200 + -2112121012?
-2112121212
In base 13, what is a + -89689?
-8967c
In base 7, what is -300 + 1111?
511
In base 2, what is 0 - 10011000100000100?
-10011000100000100
In base 16, what is -7d + 285?
208
In base 3, what is -22020 + 12010?
-10010
In base 13, what is -28 + 2a725?
2a6ca
In base 13, what is 3 - 7669?
-7666
In base 5, what is -23 + -11010?
-11033
In base 8, what is 2705 + 51?
2756
In base 10, what is -705 + 59?
-646
In base 16, what is -259 - 250?
-4a9
In base 2, what is 1010 + -11111000110?
-11110111100
In base 16, what is 116d - 6?
1167
In base 11, what is 71199 - -9?
711a7
In base 6, what is 5 + 20242502?
20242511
In base 15, what is -20956 + -3?
-20959
In base 15, what is -1 - -8c1e6?
8c1e5
In base 2, what is -1010001111001010 - 1001?
-1010001111010011
In base 6, what is -4 + 450354?
450350
In base 6, what is 0 + -20415?
-20415
In base 4, what is -10102113 + -11302?
-10120021
In base 3, what is -2022110 - -22?
-2022011
In base 14, what is -4d3 - 4ad?
-9a2
In base 16, what is -32d0 + 1?
-32cf
In base 4, what is 2112301303 + -10?
2112301233
In base 5, what is -2 + -2241303?
-2241310
In base 14, what is a0b9 - 28?
a091
In base 15, what is -59b0 - dd?
-5a9d
In base 16, what is dae - 2?
dac
In base 5, what is 444403 + 2?
444410
In base 11, what is 8035 - -103?
8138
In base 16, what is -d73 + -11c?
-e8f
In base 4, what is -3131 + -13033?
-22230
In base 5, what is 4243 + 2141?
11434
In base 5, what is -200324 - -2?
-200322
In base 16, what is -249 + -92?
-2db
In base 16, what is -198 - -1c?
-17c
In base 6, what is -1000 + 14324?
13324
In base 16, what is 5c773 - 2?
5c771
In base 13, what is -37 + -3016?
-3050
In base 6, what is -224040 - 10?
-224050
In base 10, what is 14623 - -4?
14627
In base 16, what is eb6 + 2b?
ee1
In base 4, what is -213333 - 1220?
-221213
In base 11, what is 5 + 177509?
177513
In base 7, what is -142 - -301?
126
In base 7, what is -5065 + 424?
-4341
In base 9, what is 320273 - 6?
320266
In base 9, what is -244680 - 6?
-244686
In base 4, what is -32 + -21112?
-21210
In base 8, what is -463 - 114?
-577
In base 5, what is -10312 + 132?
-10130
In base 10, what is 10 - -17552